{"id":1334,"date":"2025-08-14T21:45:00","date_gmt":"2025-08-14T19:45:00","guid":{"rendered":"https:\/\/dckancelaria.pl\/?page_id=1334"},"modified":"2025-08-15T21:42:21","modified_gmt":"2025-08-15T19:42:21","slug":"prawo-gospodarcze","status":"publish","type":"page","link":"https:\/\/dckancelaria.pl\/?page_id=1334","title":{"rendered":"Prawo gospodarcze"},"content":{"rendered":"\t\t<div data-elementor-type=\"wp-page\" data-elementor-id=\"1334\" class=\"elementor elementor-1334\">\n\t\t\t\t<div class=\"elementor-element elementor-element-503e0d5 e-flex e-con-boxed e-con e-parent\" data-id=\"503e0d5\" data-element_type=\"container\" data-settings=\"{&quot;background_background&quot;:&quot;classic&quot;}\">\n\t\t\t\t\t<div class=\"e-con-inner\">\n\t\t\t\t<div class=\"elementor-element elementor-element-5cf4b50 elementor-widget elementor-widget-spacer\" data-id=\"5cf4b50\" data-element_type=\"widget\" data-widget_type=\"spacer.default\">\n\t\t\t\t\t\t\t<div class=\"elementor-spacer\">\n\t\t\t<div class=\"elementor-spacer-inner\"><\/div>\n\t\t<\/div>\n\t\t\t\t\t\t<\/div>\n\t\t\t\t<div class=\"elementor-element elementor-element-9221293 elementor-widget elementor-widget-heading\" data-id=\"9221293\" data-element_type=\"widget\" data-widget_type=\"heading.default\">\n\t\t\t\t\t<h1 class=\"elementor-heading-title elementor-size-default\">Prawo gospodarcze<\/h1>\t\t\t\t<\/div>\n\t\t\t\t<div class=\"elementor-element elementor-element-1fa887a elementor-widget elementor-widget-spacer\" data-id=\"1fa887a\" data-element_type=\"widget\" data-widget_type=\"spacer.default\">\n\t\t\t\t\t\t\t<div class=\"elementor-spacer\">\n\t\t\t<div class=\"elementor-spacer-inner\"><\/div>\n\t\t<\/div>\n\t\t\t\t\t\t<\/div>\n\t\t\t\t<div class=\"elementor-element elementor-element-bc4a446 elementor-widget elementor-widget-spacer\" data-id=\"bc4a446\" data-element_type=\"widget\" data-widget_type=\"spacer.default\">\n\t\t\t\t\t\t\t<div class=\"elementor-spacer\">\n\t\t\t<div class=\"elementor-spacer-inner\"><\/div>\n\t\t<\/div>\n\t\t\t\t\t\t<\/div>\n\t\t\t\t\t<\/div>\n\t\t\t\t<\/div>\n\t\t<div class=\"elementor-element elementor-element-0022bac e-flex e-con-boxed e-con e-parent\" data-id=\"0022bac\" data-element_type=\"container\">\n\t\t\t\t\t<div class=\"e-con-inner\">\n\t\t\t\t<div class=\"elementor-element elementor-element-ef79e63 elementor-widget elementor-widget-spacer\" data-id=\"ef79e63\" data-element_type=\"widget\" data-widget_type=\"spacer.default\">\n\t\t\t\t\t\t\t<div class=\"elementor-spacer\">\n\t\t\t<div class=\"elementor-spacer-inner\"><\/div>\n\t\t<\/div>\n\t\t\t\t\t\t<\/div>\n\t\t\t\t\t<\/div>\n\t\t\t\t<\/div>\n\t\t<div class=\"elementor-element elementor-element-e122f39 e-flex e-con-boxed e-con e-parent\" data-id=\"e122f39\" data-element_type=\"container\">\n\t\t\t\t\t<div class=\"e-con-inner\">\n\t\t\t\t<div class=\"elementor-element elementor-element-b36ad3b elementor-widget elementor-widget-text-editor\" data-id=\"b36ad3b\" data-element_type=\"widget\" data-widget_type=\"text-editor.default\">\n\t\t\t\t\t\t\t\t\t<p data-start=\"205\" data-end=\"518\">Jako radca prawny wspieram przedsi\u0119biorc\u00f3w w sprawach bie\u017c\u0105cych i spornych. Dbam o to, \u017ceby umowy by\u0142y jasne, a ryzyka policzone jeszcze przed podpisaniem. Pomagam w negocjacjach, tworz\u0119 procedury, a gdy pojawia si\u0119 sp\u00f3r \u2014 dzia\u0142am szybko i konkretnie, tak by ograniczy\u0107 koszty i przestoje w firmie.<\/p><p data-start=\"520\" data-end=\"870\">Na starcie porz\u0105dkuj\u0119 dokumenty i cele biznesowe. T\u0142umacz\u0119, gdzie warto wzmocni\u0107 zabezpieczenia (terminy, kary, r\u0119kojmia, poufno\u015b\u0107, zakaz konkurencji), a gdzie mo\u017cna odpu\u015bci\u0107, by zachowa\u0107 elastyczno\u015b\u0107. Je\u015bli druga strona gra na czas, przygotowuj\u0119 skuteczne wezwania i propozycje ugody. Gdy to nie dzia\u0142a \u2014 kieruj\u0119 spraw\u0119 do s\u0105du i pilotuj\u0119 egzekucj\u0119.<\/p><p data-start=\"872\" data-end=\"897\">Najcz\u0119\u015bciej pomagam, gdy:<\/p><ul data-start=\"898\" data-end=\"1187\"><li data-start=\"898\" data-end=\"977\"><p data-start=\"900\" data-end=\"977\">trzeba przygotowa\u0107\/zweryfikowa\u0107 umow\u0119 B2B,<\/p><\/li><li data-start=\"978\" data-end=\"1050\"><p data-start=\"980\" data-end=\"1050\">kontrahent op\u00f3\u017ania p\u0142atno\u015b\u0107 i potrzebne s\u0105 szybkie kroki windykacyjne,<\/p><\/li><li data-start=\"1051\" data-end=\"1119\"><p data-start=\"1053\" data-end=\"1119\">konieczne s\u0105 negocjacje warunk\u00f3w wsp\u00f3\u0142pracy lub rozwi\u0105zania umowy,<\/p><\/li><li data-start=\"1120\" data-end=\"1187\"><p data-start=\"1122\" data-end=\"1187\">firma potrzebuje sta\u0142ej obs\u0142ugi prawnej na miejscu.<\/p><\/li><\/ul><p data-start=\"1189\" data-end=\"1327\">Dzia\u0142am \u201epo biznesowemu\u201d: kr\u00f3tko, konkretnie i z my\u015bl\u0105 o wyniku. Umawiamy plan, koszt i termin \u2014 a nast\u0119pnie konsekwentnie go realizujemy.<\/p>\t\t\t\t\t\t\t\t<\/div>\n\t\t\t\t\t<\/div>\n\t\t\t\t<\/div>\n\t\t\t\t<section class=\"elementor-section elementor-top-section elementor-element elementor-element-dd0e234 elementor-section-boxed elementor-section-height-default elementor-section-height-default\" data-id=\"dd0e234\" data-element_type=\"section\">\n\t\t\t\t\t\t\t<div class=\"elementor-background-overlay\"><\/div>\n\t\t\t\t\t\t\t<div class=\"elementor-container elementor-column-gap-default\">\n\t\t\t\t\t<div class=\"elementor-column elementor-col-33 elementor-top-column elementor-element elementor-element-6bb4fe0 elementor-hidden-phone\" data-id=\"6bb4fe0\" data-element_type=\"column\">\n\t\t\t<div class=\"elementor-widget-wrap\">\n\t\t\t\t\t\t\t<\/div>\n\t\t<\/div>\n\t\t\t\t<div class=\"elementor-column elementor-col-33 elementor-top-column elementor-element elementor-element-2178272\" data-id=\"2178272\" data-element_type=\"column\">\n\t\t\t<div class=\"elementor-widget-wrap elementor-element-populated\">\n\t\t\t\t\t\t<div class=\"elementor-element elementor-element-8e90df8 elementor-widget elementor-widget-heading\" data-id=\"8e90df8\" data-element_type=\"widget\" data-widget_type=\"heading.default\">\n\t\t\t\t\t<h6 class=\"elementor-heading-title elementor-size-default\">Masz pytanie?<\/h6>\t\t\t\t<\/div>\n\t\t\t\t<div class=\"elementor-element elementor-element-875faa5 elementor-widget elementor-widget-heading\" data-id=\"875faa5\" data-element_type=\"widget\" data-widget_type=\"heading.default\">\n\t\t\t\t\t<h2 class=\"elementor-heading-title elementor-size-default\">Skontaktuj si\u0119 <\/h2>\t\t\t\t<\/div>\n\t\t\t\t<div class=\"elementor-element elementor-element-a05a255 elementor-widget elementor-widget-text-editor\" data-id=\"a05a255\" data-element_type=\"widget\" data-widget_type=\"text-editor.default\">\n\t\t\t\t\t\t\t\t\t<p>Odpowiadamy szybko i precyzyjnie za twoje pytania. Jeste\u015bmy dost\u0119pni 7dni w tygodniu do waszej dyspozycji.<\/p>\t\t\t\t\t\t\t\t<\/div>\n\t\t\t\t<div class=\"elementor-element elementor-element-836f634 elementor-mobile-align-justify elementor-align-center elementor-widget elementor-widget-button\" data-id=\"836f634\" data-element_type=\"widget\" data-widget_type=\"button.default\">\n\t\t\t\t\t\t\t\t\t\t<a class=\"elementor-button elementor-button-link elementor-size-sm\" href=\"https:\/\/dckancelaria.pl\/?page_id=570\">\n\t\t\t\t\t\t<span class=\"elementor-button-content-wrapper\">\n\t\t\t\t\t\t\t\t\t<span class=\"elementor-button-text\">KONTAKT<\/span>\n\t\t\t\t\t<\/span>\n\t\t\t\t\t<\/a>\n\t\t\t\t\t\t\t\t<\/div>\n\t\t\t\t\t<\/div>\n\t\t<\/div>\n\t\t\t\t<div class=\"elementor-column elementor-col-33 elementor-top-column elementor-element elementor-element-20f9780 elementor-hidden-tablet elementor-hidden-phone\" data-id=\"20f9780\" data-element_type=\"column\">\n\t\t\t<div class=\"elementor-widget-wrap\">\n\t\t\t\t\t\t\t<\/div>\n\t\t<\/div>\n\t\t\t\t\t<\/div>\n\t\t<\/section>\n\t\t\t\t<\/div>\n\t\t","protected":false},"excerpt":{"rendered":"<p>Prawo gospodarcze Jako radca prawny wspieram przedsi\u0119biorc\u00f3w w sprawach bie\u017c\u0105cych i spornych. Dbam o to, \u017ceby umowy by\u0142y jasne, a ryzyka policzone jeszcze przed podpisaniem. Pomagam w negocjacjach, tworz\u0119 procedury, a gdy pojawia si\u0119 sp\u00f3r \u2014 dzia\u0142am szybko i konkretnie, tak by ograniczy\u0107 koszty i przestoje w firmie. Na starcie porz\u0105dkuj\u0119 dokumenty i cele biznesowe&#8230;.<\/p>\n","protected":false},"author":1,"featured_media":0,"parent":0,"menu_order":0,"comment_status":"closed","ping_status":"closed","template":"","meta":{"_kadence_starter_templates_imported_post":false,"_kad_post_transparent":"","_kad_post_title":"hide","_kad_post_layout":"fullwidth","_kad_post_sidebar_id":"","_kad_post_content_style":"unboxed","_kad_post_vertical_padding":"hide","_kad_post_feature":"hide","_kad_post_feature_position":"","_kad_post_header":false,"_kad_post_footer":false,"footnotes":""},"class_list":["post-1334","page","type-page","status-publish","hentry"],"yoast_head":"<!-- This site is optimized with the Yoast SEO plugin v25.7 - https:\/\/yoast.com\/wordpress\/plugins\/seo\/ -->\n<title>Prawo gospodarcze - dckancelaria.pl<\/title>\n<meta name=\"robots\" content=\"index, follow, max-snippet:-1, max-image-preview:large, max-video-preview:-1\" \/>\n<link rel=\"canonical\" href=\"https:\/\/dckancelaria.pl\/?page_id=1334\" \/>\n<meta property=\"og:locale\" content=\"en_US\" \/>\n<meta property=\"og:type\" content=\"article\" \/>\n<meta property=\"og:title\" content=\"Prawo gospodarcze - dckancelaria.pl\" \/>\n<meta property=\"og:description\" content=\"Prawo gospodarcze Jako radca prawny wspieram przedsi\u0119biorc\u00f3w w sprawach bie\u017c\u0105cych i spornych. Dbam o to, \u017ceby umowy by\u0142y jasne, a ryzyka policzone jeszcze przed podpisaniem. Pomagam w negocjacjach, tworz\u0119 procedury, a gdy pojawia si\u0119 sp\u00f3r \u2014 dzia\u0142am szybko i konkretnie, tak by ograniczy\u0107 koszty i przestoje w firmie. Na starcie porz\u0105dkuj\u0119 dokumenty i cele biznesowe....\" \/>\n<meta property=\"og:url\" content=\"https:\/\/dckancelaria.pl\/?page_id=1334\" \/>\n<meta property=\"og:site_name\" content=\"dckancelaria.pl\" \/>\n<meta property=\"article:modified_time\" content=\"2025-08-15T19:42:21+00:00\" \/>\n<meta name=\"twitter:card\" content=\"summary_large_image\" \/>\n<meta name=\"twitter:label1\" content=\"Est. reading time\" \/>\n\t<meta name=\"twitter:data1\" content=\"1 minute\" \/>\n<script type=\"application\/ld+json\" class=\"yoast-schema-graph\">{\"@context\":\"https:\/\/schema.org\",\"@graph\":[{\"@type\":\"WebPage\",\"@id\":\"https:\/\/dckancelaria.pl\/?page_id=1334\",\"url\":\"https:\/\/dckancelaria.pl\/?page_id=1334\",\"name\":\"Prawo gospodarcze - dckancelaria.pl\",\"isPartOf\":{\"@id\":\"https:\/\/dckancelaria.pl\/#website\"},\"datePublished\":\"2025-08-14T19:45:00+00:00\",\"dateModified\":\"2025-08-15T19:42:21+00:00\",\"breadcrumb\":{\"@id\":\"https:\/\/dckancelaria.pl\/?page_id=1334#breadcrumb\"},\"inLanguage\":\"en-US\",\"potentialAction\":[{\"@type\":\"ReadAction\",\"target\":[\"https:\/\/dckancelaria.pl\/?page_id=1334\"]}]},{\"@type\":\"BreadcrumbList\",\"@id\":\"https:\/\/dckancelaria.pl\/?page_id=1334#breadcrumb\",\"itemListElement\":[{\"@type\":\"ListItem\",\"position\":1,\"name\":\"Strona g\u0142\u00f3wna\",\"item\":\"https:\/\/dckancelaria.pl\/\"},{\"@type\":\"ListItem\",\"position\":2,\"name\":\"Prawo gospodarcze\"}]},{\"@type\":\"WebSite\",\"@id\":\"https:\/\/dckancelaria.pl\/#website\",\"url\":\"https:\/\/dckancelaria.pl\/\",\"name\":\"dckancelaria.pl\",\"description\":\"\",\"publisher\":{\"@id\":\"https:\/\/dckancelaria.pl\/#organization\"},\"potentialAction\":[{\"@type\":\"SearchAction\",\"target\":{\"@type\":\"EntryPoint\",\"urlTemplate\":\"https:\/\/dckancelaria.pl\/?s={search_term_string}\"},\"query-input\":{\"@type\":\"PropertyValueSpecification\",\"valueRequired\":true,\"valueName\":\"search_term_string\"}}],\"inLanguage\":\"en-US\"},{\"@type\":\"Organization\",\"@id\":\"https:\/\/dckancelaria.pl\/#organization\",\"name\":\"dckancelaria.pl\",\"url\":\"https:\/\/dckancelaria.pl\/\",\"logo\":{\"@type\":\"ImageObject\",\"inLanguage\":\"en-US\",\"@id\":\"https:\/\/dckancelaria.pl\/#\/schema\/logo\/image\/\",\"url\":\"https:\/\/dckancelaria.pl\/wp-content\/uploads\/2025\/08\/cropped-Czarne-Proste-Monoline-Nieruchomosci-Logo-\u2013-uslugi-1.png\",\"contentUrl\":\"https:\/\/dckancelaria.pl\/wp-content\/uploads\/2025\/08\/cropped-Czarne-Proste-Monoline-Nieruchomosci-Logo-\u2013-uslugi-1.png\",\"width\":800,\"height\":475,\"caption\":\"dckancelaria.pl\"},\"image\":{\"@id\":\"https:\/\/dckancelaria.pl\/#\/schema\/logo\/image\/\"}}]}<\/script>\n<!-- \/ Yoast SEO plugin. -->","yoast_head_json":{"title":"Prawo gospodarcze - dckancelaria.pl","robots":{"index":"index","follow":"follow","max-snippet":"max-snippet:-1","max-image-preview":"max-image-preview:large","max-video-preview":"max-video-preview:-1"},"canonical":"https:\/\/dckancelaria.pl\/?page_id=1334","og_locale":"en_US","og_type":"article","og_title":"Prawo gospodarcze - dckancelaria.pl","og_description":"Prawo gospodarcze Jako radca prawny wspieram przedsi\u0119biorc\u00f3w w sprawach bie\u017c\u0105cych i spornych. Dbam o to, \u017ceby umowy by\u0142y jasne, a ryzyka policzone jeszcze przed podpisaniem. Pomagam w negocjacjach, tworz\u0119 procedury, a gdy pojawia si\u0119 sp\u00f3r \u2014 dzia\u0142am szybko i konkretnie, tak by ograniczy\u0107 koszty i przestoje w firmie. Na starcie porz\u0105dkuj\u0119 dokumenty i cele biznesowe....","og_url":"https:\/\/dckancelaria.pl\/?page_id=1334","og_site_name":"dckancelaria.pl","article_modified_time":"2025-08-15T19:42:21+00:00","twitter_card":"summary_large_image","twitter_misc":{"Est. reading time":"1 minute"},"schema":{"@context":"https:\/\/schema.org","@graph":[{"@type":"WebPage","@id":"https:\/\/dckancelaria.pl\/?page_id=1334","url":"https:\/\/dckancelaria.pl\/?page_id=1334","name":"Prawo gospodarcze - dckancelaria.pl","isPartOf":{"@id":"https:\/\/dckancelaria.pl\/#website"},"datePublished":"2025-08-14T19:45:00+00:00","dateModified":"2025-08-15T19:42:21+00:00","breadcrumb":{"@id":"https:\/\/dckancelaria.pl\/?page_id=1334#breadcrumb"},"inLanguage":"en-US","potentialAction":[{"@type":"ReadAction","target":["https:\/\/dckancelaria.pl\/?page_id=1334"]}]},{"@type":"BreadcrumbList","@id":"https:\/\/dckancelaria.pl\/?page_id=1334#breadcrumb","itemListElement":[{"@type":"ListItem","position":1,"name":"Strona g\u0142\u00f3wna","item":"https:\/\/dckancelaria.pl\/"},{"@type":"ListItem","position":2,"name":"Prawo gospodarcze"}]},{"@type":"WebSite","@id":"https:\/\/dckancelaria.pl\/#website","url":"https:\/\/dckancelaria.pl\/","name":"dckancelaria.pl","description":"","publisher":{"@id":"https:\/\/dckancelaria.pl\/#organization"},"potentialAction":[{"@type":"SearchAction","target":{"@type":"EntryPoint","urlTemplate":"https:\/\/dckancelaria.pl\/?s={search_term_string}"},"query-input":{"@type":"PropertyValueSpecification","valueRequired":true,"valueName":"search_term_string"}}],"inLanguage":"en-US"},{"@type":"Organization","@id":"https:\/\/dckancelaria.pl\/#organization","name":"dckancelaria.pl","url":"https:\/\/dckancelaria.pl\/","logo":{"@type":"ImageObject","inLanguage":"en-US","@id":"https:\/\/dckancelaria.pl\/#\/schema\/logo\/image\/","url":"https:\/\/dckancelaria.pl\/wp-content\/uploads\/2025\/08\/cropped-Czarne-Proste-Monoline-Nieruchomosci-Logo-\u2013-uslugi-1.png","contentUrl":"https:\/\/dckancelaria.pl\/wp-content\/uploads\/2025\/08\/cropped-Czarne-Proste-Monoline-Nieruchomosci-Logo-\u2013-uslugi-1.png","width":800,"height":475,"caption":"dckancelaria.pl"},"image":{"@id":"https:\/\/dckancelaria.pl\/#\/schema\/logo\/image\/"}}]}},"_links":{"self":[{"href":"https:\/\/dckancelaria.pl\/index.php?rest_route=\/wp\/v2\/pages\/1334","targetHints":{"allow":["GET"]}}],"collection":[{"href":"https:\/\/dckancelaria.pl\/index.php?rest_route=\/wp\/v2\/pages"}],"about":[{"href":"https:\/\/dckancelaria.pl\/index.php?rest_route=\/wp\/v2\/types\/page"}],"author":[{"embeddable":true,"href":"https:\/\/dckancelaria.pl\/index.php?rest_route=\/wp\/v2\/users\/1"}],"replies":[{"embeddable":true,"href":"https:\/\/dckancelaria.pl\/index.php?rest_route=%2Fwp%2Fv2%2Fcomments&post=1334"}],"version-history":[{"count":13,"href":"https:\/\/dckancelaria.pl\/index.php?rest_route=\/wp\/v2\/pages\/1334\/revisions"}],"predecessor-version":[{"id":1490,"href":"https:\/\/dckancelaria.pl\/index.php?rest_route=\/wp\/v2\/pages\/1334\/revisions\/1490"}],"wp:attachment":[{"href":"https:\/\/dckancelaria.pl\/index.php?rest_route=%2Fwp%2Fv2%2Fmedia&parent=1334"}],"curies":[{"name":"wp","href":"https:\/\/api.w.org\/{rel}","templated":true}]}}