{"id":1342,"date":"2025-08-14T21:47:31","date_gmt":"2025-08-14T19:47:31","guid":{"rendered":"https:\/\/dckancelaria.pl\/?page_id=1342"},"modified":"2025-08-15T16:13:42","modified_gmt":"2025-08-15T14:13:42","slug":"prawo-karne","status":"publish","type":"page","link":"https:\/\/dckancelaria.pl\/?page_id=1342","title":{"rendered":"Prawo karne"},"content":{"rendered":"\t\t<div data-elementor-type=\"wp-page\" data-elementor-id=\"1342\" class=\"elementor elementor-1342\">\n\t\t\t\t<div class=\"elementor-element elementor-element-f15fc90 e-flex e-con-boxed e-con e-parent\" data-id=\"f15fc90\" data-element_type=\"container\" data-settings=\"{&quot;background_background&quot;:&quot;classic&quot;}\">\n\t\t\t\t\t<div class=\"e-con-inner\">\n\t\t\t\t<div class=\"elementor-element elementor-element-9c512f1 elementor-widget elementor-widget-spacer\" data-id=\"9c512f1\" data-element_type=\"widget\" data-widget_type=\"spacer.default\">\n\t\t\t\t\t\t\t<div class=\"elementor-spacer\">\n\t\t\t<div class=\"elementor-spacer-inner\"><\/div>\n\t\t<\/div>\n\t\t\t\t\t\t<\/div>\n\t\t\t\t<div class=\"elementor-element elementor-element-981431e elementor-widget elementor-widget-heading\" data-id=\"981431e\" data-element_type=\"widget\" data-widget_type=\"heading.default\">\n\t\t\t\t\t<h1 class=\"elementor-heading-title elementor-size-default\">Prawo karne<\/h1>\t\t\t\t<\/div>\n\t\t\t\t<div class=\"elementor-element elementor-element-a6fb1f4 elementor-widget elementor-widget-spacer\" data-id=\"a6fb1f4\" data-element_type=\"widget\" data-widget_type=\"spacer.default\">\n\t\t\t\t\t\t\t<div class=\"elementor-spacer\">\n\t\t\t<div class=\"elementor-spacer-inner\"><\/div>\n\t\t<\/div>\n\t\t\t\t\t\t<\/div>\n\t\t\t\t<div class=\"elementor-element elementor-element-6a8b8ca elementor-widget elementor-widget-spacer\" data-id=\"6a8b8ca\" data-element_type=\"widget\" data-widget_type=\"spacer.default\">\n\t\t\t\t\t\t\t<div class=\"elementor-spacer\">\n\t\t\t<div class=\"elementor-spacer-inner\"><\/div>\n\t\t<\/div>\n\t\t\t\t\t\t<\/div>\n\t\t\t\t\t<\/div>\n\t\t\t\t<\/div>\n\t\t<div class=\"elementor-element elementor-element-453fe86 e-flex e-con-boxed e-con e-parent\" data-id=\"453fe86\" data-element_type=\"container\">\n\t\t\t\t\t<div class=\"e-con-inner\">\n\t\t\t\t<div class=\"elementor-element elementor-element-eed4a98 elementor-widget elementor-widget-spacer\" data-id=\"eed4a98\" data-element_type=\"widget\" data-widget_type=\"spacer.default\">\n\t\t\t\t\t\t\t<div class=\"elementor-spacer\">\n\t\t\t<div class=\"elementor-spacer-inner\"><\/div>\n\t\t<\/div>\n\t\t\t\t\t\t<\/div>\n\t\t\t\t\t<\/div>\n\t\t\t\t<\/div>\n\t\t<div class=\"elementor-element elementor-element-7f1afd6 e-flex e-con-boxed e-con e-parent\" data-id=\"7f1afd6\" data-element_type=\"container\">\n\t\t\t\t\t<div class=\"e-con-inner\">\n\t\t\t\t<div class=\"elementor-element elementor-element-192f60a elementor-widget elementor-widget-text-editor\" data-id=\"192f60a\" data-element_type=\"widget\" data-widget_type=\"text-editor.default\">\n\t\t\t\t\t\t\t\t\t<p data-start=\"1358\" data-end=\"1762\">W sprawach karnych najwa\u017cniejszy jest czas i spok\u00f3j dzia\u0142ania. Prowadz\u0119 Klient\u00f3w&nbsp;od pierwszego kontaktu z policj\u0105 lub prokuratur\u0105, przez post\u0119powanie przygotowawcze, a\u017c po rozpraw\u0119. Wyja\u015bniam, co m\u00f3wi prawo, czego si\u0119 spodziewa\u0107 na poszczeg\u00f3lnych etapach i jak najlepiej zabezpieczy\u0107 Twoje interesy. Wyst\u0119puj\u0119 jako obro\u0144ca albo jako pe\u0142nomocnik pokrzywdzonego \u2014 zale\u017cnie od roli w sprawie.<\/p>\n<p data-start=\"1764\" data-end=\"2067\">Na pocz\u0105tku analizuj\u0119 akta i oceniam materia\u0142 dowodowy. Ustalamy strategi\u0119: czy i jak sk\u0142ada\u0107 wyja\u015bnienia, z jakich wniosk\u00f3w dowodowych skorzysta\u0107, kiedy warto rozwa\u017cy\u0107 dobrowolne poddanie si\u0119 karze lub mediacj\u0119. Pilnuj\u0119 termin\u00f3w, reaguj\u0119 na nieprawid\u0142owo\u015bci proceduralne, dbam o komunikacj\u0119 z organami.<\/p>\n<p data-start=\"2069\" data-end=\"2090\">Najcz\u0119\u015bciej prowadz\u0119:<\/p>\n<ul data-start=\"2091\" data-end=\"2345\">\n<li data-start=\"2091\" data-end=\"2164\">\n<p data-start=\"2093\" data-end=\"2164\">sprawy komunikacyjne (wypadki, prowadzenie po u\u017cyciu alkoholu\/\u015brodk\u00f3w),<\/p>\n<\/li>\n<li data-start=\"2165\" data-end=\"2207\">\n<p data-start=\"2167\" data-end=\"2207\">przest\u0119pstwa przeciwko mieniu i zdrowiu,<\/p>\n<\/li>\n<li data-start=\"2208\" data-end=\"2274\">\n<p data-start=\"2210\" data-end=\"2274\">\u201ebia\u0142e ko\u0142nierzyki\u201d i nadu\u017cycia zaufania w obrocie gospodarczym,<\/p>\n<\/li>\n<li data-start=\"2275\" data-end=\"2345\">\n<p data-start=\"2277\" data-end=\"2345\">reprezentacj\u0119 pokrzywdzonych (zado\u015b\u0107uczynienie, naprawienie szkody).<\/p>\n<\/li>\n<\/ul>\n<p data-start=\"2347\" data-end=\"2470\">Dzia\u0142am dyskretnie i stanowczo. Twoim zadaniem jest m\u00f3wi\u0107 szczerze \u2014 moim: znale\u017a\u0107 najlepsze rozwi\u0105zanie w granicach prawa.<\/p>\t\t\t\t\t\t\t\t<\/div>\n\t\t\t\t\t<\/div>\n\t\t\t\t<\/div>\n\t\t\t\t<section class=\"elementor-section elementor-top-section elementor-element elementor-element-2976333 elementor-section-boxed elementor-section-height-default elementor-section-height-default\" data-id=\"2976333\" data-element_type=\"section\">\n\t\t\t\t\t\t\t<div class=\"elementor-background-overlay\"><\/div>\n\t\t\t\t\t\t\t<div class=\"elementor-container elementor-column-gap-default\">\n\t\t\t\t\t<div class=\"elementor-column elementor-col-33 elementor-top-column elementor-element elementor-element-c761309 elementor-hidden-phone\" data-id=\"c761309\" data-element_type=\"column\">\n\t\t\t<div class=\"elementor-widget-wrap\">\n\t\t\t\t\t\t\t<\/div>\n\t\t<\/div>\n\t\t\t\t<div class=\"elementor-column elementor-col-33 elementor-top-column elementor-element elementor-element-53954d7\" data-id=\"53954d7\" data-element_type=\"column\">\n\t\t\t<div class=\"elementor-widget-wrap elementor-element-populated\">\n\t\t\t\t\t\t<div class=\"elementor-element elementor-element-d25d228 elementor-widget elementor-widget-heading\" data-id=\"d25d228\" data-element_type=\"widget\" data-widget_type=\"heading.default\">\n\t\t\t\t\t<h6 class=\"elementor-heading-title elementor-size-default\">Masz pytanie?<\/h6>\t\t\t\t<\/div>\n\t\t\t\t<div class=\"elementor-element elementor-element-97fa2e2 elementor-widget elementor-widget-heading\" data-id=\"97fa2e2\" data-element_type=\"widget\" data-widget_type=\"heading.default\">\n\t\t\t\t\t<h2 class=\"elementor-heading-title elementor-size-default\">Skontaktuj si\u0119 <\/h2>\t\t\t\t<\/div>\n\t\t\t\t<div class=\"elementor-element elementor-element-61bd6a4 elementor-widget elementor-widget-text-editor\" data-id=\"61bd6a4\" data-element_type=\"widget\" data-widget_type=\"text-editor.default\">\n\t\t\t\t\t\t\t\t\t<p>Odpowiadamy szybko i precyzyjnie za twoje pytania. Jeste\u015bmy dost\u0119pni 7dni w tygodniu do waszej dyspozycji.<\/p>\t\t\t\t\t\t\t\t<\/div>\n\t\t\t\t<div class=\"elementor-element elementor-element-83f740e elementor-mobile-align-justify elementor-align-center elementor-widget elementor-widget-button\" data-id=\"83f740e\" data-element_type=\"widget\" data-widget_type=\"button.default\">\n\t\t\t\t\t\t\t\t\t\t<a class=\"elementor-button elementor-button-link elementor-size-sm\" href=\"https:\/\/dckancelaria.pl\/?page_id=570\">\n\t\t\t\t\t\t<span class=\"elementor-button-content-wrapper\">\n\t\t\t\t\t\t\t\t\t<span class=\"elementor-button-text\">KONTAKT<\/span>\n\t\t\t\t\t<\/span>\n\t\t\t\t\t<\/a>\n\t\t\t\t\t\t\t\t<\/div>\n\t\t\t\t\t<\/div>\n\t\t<\/div>\n\t\t\t\t<div class=\"elementor-column elementor-col-33 elementor-top-column elementor-element elementor-element-3ae521b elementor-hidden-tablet elementor-hidden-phone\" data-id=\"3ae521b\" data-element_type=\"column\">\n\t\t\t<div class=\"elementor-widget-wrap\">\n\t\t\t\t\t\t\t<\/div>\n\t\t<\/div>\n\t\t\t\t\t<\/div>\n\t\t<\/section>\n\t\t\t\t<\/div>\n\t\t","protected":false},"excerpt":{"rendered":"<p>Prawo karne W sprawach karnych najwa\u017cniejszy jest czas i spok\u00f3j dzia\u0142ania. Prowadz\u0119 Klient\u00f3w&nbsp;od pierwszego kontaktu z policj\u0105 lub prokuratur\u0105, przez post\u0119powanie przygotowawcze, a\u017c po rozpraw\u0119. Wyja\u015bniam, co m\u00f3wi prawo, czego si\u0119 spodziewa\u0107 na poszczeg\u00f3lnych etapach i jak najlepiej zabezpieczy\u0107 Twoje interesy. Wyst\u0119puj\u0119 jako obro\u0144ca albo jako pe\u0142nomocnik pokrzywdzonego \u2014 zale\u017cnie od roli w sprawie. Na&#8230;<\/p>\n","protected":false},"author":1,"featured_media":0,"parent":0,"menu_order":0,"comment_status":"closed","ping_status":"closed","template":"","meta":{"_kadence_starter_templates_imported_post":false,"_kad_post_transparent":"","_kad_post_title":"hide","_kad_post_layout":"fullwidth","_kad_post_sidebar_id":"","_kad_post_content_style":"unboxed","_kad_post_vertical_padding":"hide","_kad_post_feature":"hide","_kad_post_feature_position":"","_kad_post_header":false,"_kad_post_footer":false,"footnotes":""},"class_list":["post-1342","page","type-page","status-publish","hentry"],"yoast_head":"<!-- This site is optimized with the Yoast SEO plugin v25.7 - https:\/\/yoast.com\/wordpress\/plugins\/seo\/ -->\n<title>Prawo karne - dckancelaria.pl<\/title>\n<meta name=\"robots\" content=\"index, follow, max-snippet:-1, max-image-preview:large, max-video-preview:-1\" \/>\n<link rel=\"canonical\" href=\"https:\/\/dckancelaria.pl\/?page_id=1342\" \/>\n<meta property=\"og:locale\" content=\"en_US\" \/>\n<meta property=\"og:type\" content=\"article\" \/>\n<meta property=\"og:title\" content=\"Prawo karne - dckancelaria.pl\" \/>\n<meta property=\"og:description\" content=\"Prawo karne W sprawach karnych najwa\u017cniejszy jest czas i spok\u00f3j dzia\u0142ania. Prowadz\u0119 Klient\u00f3w&nbsp;od pierwszego kontaktu z policj\u0105 lub prokuratur\u0105, przez post\u0119powanie przygotowawcze, a\u017c po rozpraw\u0119. Wyja\u015bniam, co m\u00f3wi prawo, czego si\u0119 spodziewa\u0107 na poszczeg\u00f3lnych etapach i jak najlepiej zabezpieczy\u0107 Twoje interesy. Wyst\u0119puj\u0119 jako obro\u0144ca albo jako pe\u0142nomocnik pokrzywdzonego \u2014 zale\u017cnie od roli w sprawie. Na...\" \/>\n<meta property=\"og:url\" content=\"https:\/\/dckancelaria.pl\/?page_id=1342\" \/>\n<meta property=\"og:site_name\" content=\"dckancelaria.pl\" \/>\n<meta property=\"article:modified_time\" content=\"2025-08-15T14:13:42+00:00\" \/>\n<meta name=\"twitter:card\" content=\"summary_large_image\" \/>\n<meta name=\"twitter:label1\" content=\"Est. reading time\" \/>\n\t<meta name=\"twitter:data1\" content=\"1 minute\" \/>\n<script type=\"application\/ld+json\" class=\"yoast-schema-graph\">{\"@context\":\"https:\/\/schema.org\",\"@graph\":[{\"@type\":\"WebPage\",\"@id\":\"https:\/\/dckancelaria.pl\/?page_id=1342\",\"url\":\"https:\/\/dckancelaria.pl\/?page_id=1342\",\"name\":\"Prawo karne - dckancelaria.pl\",\"isPartOf\":{\"@id\":\"https:\/\/dckancelaria.pl\/#website\"},\"datePublished\":\"2025-08-14T19:47:31+00:00\",\"dateModified\":\"2025-08-15T14:13:42+00:00\",\"breadcrumb\":{\"@id\":\"https:\/\/dckancelaria.pl\/?page_id=1342#breadcrumb\"},\"inLanguage\":\"en-US\",\"potentialAction\":[{\"@type\":\"ReadAction\",\"target\":[\"https:\/\/dckancelaria.pl\/?page_id=1342\"]}]},{\"@type\":\"BreadcrumbList\",\"@id\":\"https:\/\/dckancelaria.pl\/?page_id=1342#breadcrumb\",\"itemListElement\":[{\"@type\":\"ListItem\",\"position\":1,\"name\":\"Strona g\u0142\u00f3wna\",\"item\":\"https:\/\/dckancelaria.pl\/\"},{\"@type\":\"ListItem\",\"position\":2,\"name\":\"Prawo karne\"}]},{\"@type\":\"WebSite\",\"@id\":\"https:\/\/dckancelaria.pl\/#website\",\"url\":\"https:\/\/dckancelaria.pl\/\",\"name\":\"dckancelaria.pl\",\"description\":\"\",\"publisher\":{\"@id\":\"https:\/\/dckancelaria.pl\/#organization\"},\"potentialAction\":[{\"@type\":\"SearchAction\",\"target\":{\"@type\":\"EntryPoint\",\"urlTemplate\":\"https:\/\/dckancelaria.pl\/?s={search_term_string}\"},\"query-input\":{\"@type\":\"PropertyValueSpecification\",\"valueRequired\":true,\"valueName\":\"search_term_string\"}}],\"inLanguage\":\"en-US\"},{\"@type\":\"Organization\",\"@id\":\"https:\/\/dckancelaria.pl\/#organization\",\"name\":\"dckancelaria.pl\",\"url\":\"https:\/\/dckancelaria.pl\/\",\"logo\":{\"@type\":\"ImageObject\",\"inLanguage\":\"en-US\",\"@id\":\"https:\/\/dckancelaria.pl\/#\/schema\/logo\/image\/\",\"url\":\"https:\/\/dckancelaria.pl\/wp-content\/uploads\/2025\/08\/cropped-Czarne-Proste-Monoline-Nieruchomosci-Logo-\u2013-uslugi-1.png\",\"contentUrl\":\"https:\/\/dckancelaria.pl\/wp-content\/uploads\/2025\/08\/cropped-Czarne-Proste-Monoline-Nieruchomosci-Logo-\u2013-uslugi-1.png\",\"width\":800,\"height\":475,\"caption\":\"dckancelaria.pl\"},\"image\":{\"@id\":\"https:\/\/dckancelaria.pl\/#\/schema\/logo\/image\/\"}}]}<\/script>\n<!-- \/ Yoast SEO plugin. -->","yoast_head_json":{"title":"Prawo karne - dckancelaria.pl","robots":{"index":"index","follow":"follow","max-snippet":"max-snippet:-1","max-image-preview":"max-image-preview:large","max-video-preview":"max-video-preview:-1"},"canonical":"https:\/\/dckancelaria.pl\/?page_id=1342","og_locale":"en_US","og_type":"article","og_title":"Prawo karne - dckancelaria.pl","og_description":"Prawo karne W sprawach karnych najwa\u017cniejszy jest czas i spok\u00f3j dzia\u0142ania. Prowadz\u0119 Klient\u00f3w&nbsp;od pierwszego kontaktu z policj\u0105 lub prokuratur\u0105, przez post\u0119powanie przygotowawcze, a\u017c po rozpraw\u0119. Wyja\u015bniam, co m\u00f3wi prawo, czego si\u0119 spodziewa\u0107 na poszczeg\u00f3lnych etapach i jak najlepiej zabezpieczy\u0107 Twoje interesy. Wyst\u0119puj\u0119 jako obro\u0144ca albo jako pe\u0142nomocnik pokrzywdzonego \u2014 zale\u017cnie od roli w sprawie. Na...","og_url":"https:\/\/dckancelaria.pl\/?page_id=1342","og_site_name":"dckancelaria.pl","article_modified_time":"2025-08-15T14:13:42+00:00","twitter_card":"summary_large_image","twitter_misc":{"Est. reading time":"1 minute"},"schema":{"@context":"https:\/\/schema.org","@graph":[{"@type":"WebPage","@id":"https:\/\/dckancelaria.pl\/?page_id=1342","url":"https:\/\/dckancelaria.pl\/?page_id=1342","name":"Prawo karne - dckancelaria.pl","isPartOf":{"@id":"https:\/\/dckancelaria.pl\/#website"},"datePublished":"2025-08-14T19:47:31+00:00","dateModified":"2025-08-15T14:13:42+00:00","breadcrumb":{"@id":"https:\/\/dckancelaria.pl\/?page_id=1342#breadcrumb"},"inLanguage":"en-US","potentialAction":[{"@type":"ReadAction","target":["https:\/\/dckancelaria.pl\/?page_id=1342"]}]},{"@type":"BreadcrumbList","@id":"https:\/\/dckancelaria.pl\/?page_id=1342#breadcrumb","itemListElement":[{"@type":"ListItem","position":1,"name":"Strona g\u0142\u00f3wna","item":"https:\/\/dckancelaria.pl\/"},{"@type":"ListItem","position":2,"name":"Prawo karne"}]},{"@type":"WebSite","@id":"https:\/\/dckancelaria.pl\/#website","url":"https:\/\/dckancelaria.pl\/","name":"dckancelaria.pl","description":"","publisher":{"@id":"https:\/\/dckancelaria.pl\/#organization"},"potentialAction":[{"@type":"SearchAction","target":{"@type":"EntryPoint","urlTemplate":"https:\/\/dckancelaria.pl\/?s={search_term_string}"},"query-input":{"@type":"PropertyValueSpecification","valueRequired":true,"valueName":"search_term_string"}}],"inLanguage":"en-US"},{"@type":"Organization","@id":"https:\/\/dckancelaria.pl\/#organization","name":"dckancelaria.pl","url":"https:\/\/dckancelaria.pl\/","logo":{"@type":"ImageObject","inLanguage":"en-US","@id":"https:\/\/dckancelaria.pl\/#\/schema\/logo\/image\/","url":"https:\/\/dckancelaria.pl\/wp-content\/uploads\/2025\/08\/cropped-Czarne-Proste-Monoline-Nieruchomosci-Logo-\u2013-uslugi-1.png","contentUrl":"https:\/\/dckancelaria.pl\/wp-content\/uploads\/2025\/08\/cropped-Czarne-Proste-Monoline-Nieruchomosci-Logo-\u2013-uslugi-1.png","width":800,"height":475,"caption":"dckancelaria.pl"},"image":{"@id":"https:\/\/dckancelaria.pl\/#\/schema\/logo\/image\/"}}]}},"_links":{"self":[{"href":"https:\/\/dckancelaria.pl\/index.php?rest_route=\/wp\/v2\/pages\/1342","targetHints":{"allow":["GET"]}}],"collection":[{"href":"https:\/\/dckancelaria.pl\/index.php?rest_route=\/wp\/v2\/pages"}],"about":[{"href":"https:\/\/dckancelaria.pl\/index.php?rest_route=\/wp\/v2\/types\/page"}],"author":[{"embeddable":true,"href":"https:\/\/dckancelaria.pl\/index.php?rest_route=\/wp\/v2\/users\/1"}],"replies":[{"embeddable":true,"href":"https:\/\/dckancelaria.pl\/index.php?rest_route=%2Fwp%2Fv2%2Fcomments&post=1342"}],"version-history":[{"count":10,"href":"https:\/\/dckancelaria.pl\/index.php?rest_route=\/wp\/v2\/pages\/1342\/revisions"}],"predecessor-version":[{"id":1475,"href":"https:\/\/dckancelaria.pl\/index.php?rest_route=\/wp\/v2\/pages\/1342\/revisions\/1475"}],"wp:attachment":[{"href":"https:\/\/dckancelaria.pl\/index.php?rest_route=%2Fwp%2Fv2%2Fmedia&parent=1342"}],"curies":[{"name":"wp","href":"https:\/\/api.w.org\/{rel}","templated":true}]}}