{"id":1360,"date":"2025-08-14T21:50:55","date_gmt":"2025-08-14T19:50:55","guid":{"rendered":"https:\/\/dckancelaria.pl\/?page_id=1360"},"modified":"2025-08-15T16:16:06","modified_gmt":"2025-08-15T14:16:06","slug":"prawo-pracy","status":"publish","type":"page","link":"https:\/\/dckancelaria.pl\/?page_id=1360","title":{"rendered":"Prawo pracy"},"content":{"rendered":"\t\t<div data-elementor-type=\"wp-page\" data-elementor-id=\"1360\" class=\"elementor elementor-1360\">\n\t\t\t\t<div class=\"elementor-element elementor-element-0f3f136 e-flex e-con-boxed e-con e-parent\" data-id=\"0f3f136\" data-element_type=\"container\" data-settings=\"{&quot;background_background&quot;:&quot;classic&quot;}\">\n\t\t\t\t\t<div class=\"e-con-inner\">\n\t\t\t\t<div class=\"elementor-element elementor-element-5997a97 elementor-widget elementor-widget-spacer\" data-id=\"5997a97\" data-element_type=\"widget\" data-widget_type=\"spacer.default\">\n\t\t\t\t\t\t\t<div class=\"elementor-spacer\">\n\t\t\t<div class=\"elementor-spacer-inner\"><\/div>\n\t\t<\/div>\n\t\t\t\t\t\t<\/div>\n\t\t\t\t<div class=\"elementor-element elementor-element-8f55b7b elementor-widget elementor-widget-heading\" data-id=\"8f55b7b\" data-element_type=\"widget\" data-widget_type=\"heading.default\">\n\t\t\t\t\t<h1 class=\"elementor-heading-title elementor-size-default\">Prawo pracy<\/h1>\t\t\t\t<\/div>\n\t\t\t\t<div class=\"elementor-element elementor-element-7f0fcd5 elementor-widget elementor-widget-spacer\" data-id=\"7f0fcd5\" data-element_type=\"widget\" data-widget_type=\"spacer.default\">\n\t\t\t\t\t\t\t<div class=\"elementor-spacer\">\n\t\t\t<div class=\"elementor-spacer-inner\"><\/div>\n\t\t<\/div>\n\t\t\t\t\t\t<\/div>\n\t\t\t\t<div class=\"elementor-element elementor-element-033351e elementor-widget elementor-widget-spacer\" data-id=\"033351e\" data-element_type=\"widget\" data-widget_type=\"spacer.default\">\n\t\t\t\t\t\t\t<div class=\"elementor-spacer\">\n\t\t\t<div class=\"elementor-spacer-inner\"><\/div>\n\t\t<\/div>\n\t\t\t\t\t\t<\/div>\n\t\t\t\t\t<\/div>\n\t\t\t\t<\/div>\n\t\t<div class=\"elementor-element elementor-element-6a14ae6 e-flex e-con-boxed e-con e-parent\" data-id=\"6a14ae6\" data-element_type=\"container\">\n\t\t\t\t\t<div class=\"e-con-inner\">\n\t\t\t\t<div class=\"elementor-element elementor-element-e2fe5dd elementor-widget elementor-widget-spacer\" data-id=\"e2fe5dd\" data-element_type=\"widget\" data-widget_type=\"spacer.default\">\n\t\t\t\t\t\t\t<div class=\"elementor-spacer\">\n\t\t\t<div class=\"elementor-spacer-inner\"><\/div>\n\t\t<\/div>\n\t\t\t\t\t\t<\/div>\n\t\t\t\t\t<\/div>\n\t\t\t\t<\/div>\n\t\t<div class=\"elementor-element elementor-element-47cf8c8 e-flex e-con-boxed e-con e-parent\" data-id=\"47cf8c8\" data-element_type=\"container\">\n\t\t\t\t\t<div class=\"e-con-inner\">\n\t\t\t\t<div class=\"elementor-element elementor-element-f99f08e elementor-widget elementor-widget-text-editor\" data-id=\"f99f08e\" data-element_type=\"widget\" data-widget_type=\"text-editor.default\">\n\t\t\t\t\t\t\t\t\t<p data-start=\"1580\" data-end=\"1907\">W prawie pracy liczy si\u0119 szybka reakcja i czytelny plan. Wspieram zar\u00f3wno pracownik\u00f3w, jak i pracodawc\u00f3w. Zaczynam od rozmowy i przegl\u0105du dokument\u00f3w, a potem wskazuj\u0119 warianty: polubownie (ugoda, mediacja) albo procesowo \u2014 zawsze z ocen\u0105 ryzyka i koszt\u00f3w. Dbam o to, by pisma by\u0142y jasne, a dowody dobrze zebrane.<\/p>\n<p data-start=\"1909\" data-end=\"2289\">Pracownikom pomagam podwa\u017cy\u0107 nieuzasadnione wypowiedzenia, odzyska\u0107 zaleg\u0142e \u015bwiadczenia czy udowodni\u0107 mobbing. Pracodawcom uk\u0142adam bezpieczne procedury, przygotowuj\u0119 umowy i regulaminy, szkol\u0119 z poprawnej dokumentacji \u2014 tak, by zminimalizowa\u0107 spory i niepotrzebne koszty. Je\u015bli do sporu ju\u017c dosz\u0142o, reprezentuj\u0119 przed s\u0105dem pracy w <strong data-start=\"2241\" data-end=\"2252\">S\u0142upsku lub Koszalinie<\/strong>&nbsp;i na ka\u017cdym etapie pilnuj\u0119 termin\u00f3w.<\/p>\n<p data-start=\"2291\" data-end=\"2312\">Najcz\u0119\u015bciej prowadz\u0119:<\/p>\n<ul data-start=\"2313\" data-end=\"2572\">\n<li data-start=\"2313\" data-end=\"2384\">\n<p data-start=\"2315\" data-end=\"2384\"><strong data-start=\"2315\" data-end=\"2346\">wypowiedzenia\/dyscyplinarki<\/strong> (ocena zasadno\u015bci, odwo\u0142ania, ugody),<\/p>\n<\/li>\n<li data-start=\"2385\" data-end=\"2447\">\n<p data-start=\"2387\" data-end=\"2447\">spory o <strong data-start=\"2395\" data-end=\"2446\">wynagrodzenie, nadgodziny, premie i ekwiwalenty<\/strong>,<\/p>\n<\/li>\n<li data-start=\"2448\" data-end=\"2500\">\n<p data-start=\"2450\" data-end=\"2500\">sprawy o <strong data-start=\"2459\" data-end=\"2470\">mobbing<\/strong> i naruszenie d\u00f3br osobistych,<\/p>\n<\/li>\n<li data-start=\"2501\" data-end=\"2572\">\n<p data-start=\"2503\" data-end=\"2572\">dla firm: <strong data-start=\"2513\" data-end=\"2548\">umowy, regulaminy, dokumentacja<\/strong> i bie\u017c\u0105ce doradztwo HR.<\/p>\n<\/li>\n<\/ul>\n<p data-start=\"2574\" data-end=\"2720\">Moim celem jest szybkie i trwa\u0142e domkni\u0119cie sprawy. Dostajesz konkretne wskaz\u00f3wki \u201eco dalej\u201d i wsparcie w dzia\u0142aniach, kt\u00f3re maj\u0105 najwi\u0119kszy sens.<\/p>\t\t\t\t\t\t\t\t<\/div>\n\t\t\t\t\t<\/div>\n\t\t\t\t<\/div>\n\t\t\t\t<section class=\"elementor-section elementor-top-section elementor-element elementor-element-0575849 elementor-section-boxed elementor-section-height-default elementor-section-height-default\" data-id=\"0575849\" data-element_type=\"section\">\n\t\t\t\t\t\t\t<div class=\"elementor-background-overlay\"><\/div>\n\t\t\t\t\t\t\t<div class=\"elementor-container elementor-column-gap-default\">\n\t\t\t\t\t<div class=\"elementor-column elementor-col-33 elementor-top-column elementor-element elementor-element-c7f2449 elementor-hidden-phone\" data-id=\"c7f2449\" data-element_type=\"column\">\n\t\t\t<div class=\"elementor-widget-wrap\">\n\t\t\t\t\t\t\t<\/div>\n\t\t<\/div>\n\t\t\t\t<div class=\"elementor-column elementor-col-33 elementor-top-column elementor-element elementor-element-4774170\" data-id=\"4774170\" data-element_type=\"column\">\n\t\t\t<div class=\"elementor-widget-wrap elementor-element-populated\">\n\t\t\t\t\t\t<div class=\"elementor-element elementor-element-e356fac elementor-widget elementor-widget-heading\" data-id=\"e356fac\" data-element_type=\"widget\" data-widget_type=\"heading.default\">\n\t\t\t\t\t<h6 class=\"elementor-heading-title elementor-size-default\">Masz pytanie?<\/h6>\t\t\t\t<\/div>\n\t\t\t\t<div class=\"elementor-element elementor-element-feb686b elementor-widget elementor-widget-heading\" data-id=\"feb686b\" data-element_type=\"widget\" data-widget_type=\"heading.default\">\n\t\t\t\t\t<h2 class=\"elementor-heading-title elementor-size-default\">Skontaktuj si\u0119 <\/h2>\t\t\t\t<\/div>\n\t\t\t\t<div class=\"elementor-element elementor-element-a2c91d7 elementor-widget elementor-widget-text-editor\" data-id=\"a2c91d7\" data-element_type=\"widget\" data-widget_type=\"text-editor.default\">\n\t\t\t\t\t\t\t\t\t<p>Odpowiadamy szybko i precyzyjnie za twoje pytania. Jeste\u015bmy dost\u0119pni 7dni w tygodniu do waszej dyspozycji.<\/p>\t\t\t\t\t\t\t\t<\/div>\n\t\t\t\t<div class=\"elementor-element elementor-element-ae06b7e elementor-mobile-align-justify elementor-align-center elementor-widget elementor-widget-button\" data-id=\"ae06b7e\" data-element_type=\"widget\" data-widget_type=\"button.default\">\n\t\t\t\t\t\t\t\t\t\t<a class=\"elementor-button elementor-button-link elementor-size-sm\" href=\"https:\/\/dckancelaria.pl\/?page_id=570\">\n\t\t\t\t\t\t<span class=\"elementor-button-content-wrapper\">\n\t\t\t\t\t\t\t\t\t<span class=\"elementor-button-text\">KONTAKT<\/span>\n\t\t\t\t\t<\/span>\n\t\t\t\t\t<\/a>\n\t\t\t\t\t\t\t\t<\/div>\n\t\t\t\t\t<\/div>\n\t\t<\/div>\n\t\t\t\t<div class=\"elementor-column elementor-col-33 elementor-top-column elementor-element elementor-element-3acf626 elementor-hidden-tablet elementor-hidden-phone\" data-id=\"3acf626\" data-element_type=\"column\">\n\t\t\t<div class=\"elementor-widget-wrap\">\n\t\t\t\t\t\t\t<\/div>\n\t\t<\/div>\n\t\t\t\t\t<\/div>\n\t\t<\/section>\n\t\t\t\t<\/div>\n\t\t","protected":false},"excerpt":{"rendered":"<p>Prawo pracy W prawie pracy liczy si\u0119 szybka reakcja i czytelny plan. Wspieram zar\u00f3wno pracownik\u00f3w, jak i pracodawc\u00f3w. Zaczynam od rozmowy i przegl\u0105du dokument\u00f3w, a potem wskazuj\u0119 warianty: polubownie (ugoda, mediacja) albo procesowo \u2014 zawsze z ocen\u0105 ryzyka i koszt\u00f3w. Dbam o to, by pisma by\u0142y jasne, a dowody dobrze zebrane. Pracownikom pomagam podwa\u017cy\u0107 nieuzasadnione&#8230;<\/p>\n","protected":false},"author":1,"featured_media":0,"parent":0,"menu_order":0,"comment_status":"closed","ping_status":"closed","template":"","meta":{"_kadence_starter_templates_imported_post":false,"_kad_post_transparent":"","_kad_post_title":"hide","_kad_post_layout":"fullwidth","_kad_post_sidebar_id":"","_kad_post_content_style":"unboxed","_kad_post_vertical_padding":"hide","_kad_post_feature":"hide","_kad_post_feature_position":"","_kad_post_header":false,"_kad_post_footer":false,"footnotes":""},"class_list":["post-1360","page","type-page","status-publish","hentry"],"yoast_head":"<!-- This site is optimized with the Yoast SEO plugin v25.7 - https:\/\/yoast.com\/wordpress\/plugins\/seo\/ -->\n<title>Prawo pracy - dckancelaria.pl<\/title>\n<meta name=\"robots\" content=\"index, follow, max-snippet:-1, max-image-preview:large, max-video-preview:-1\" \/>\n<link rel=\"canonical\" href=\"https:\/\/dckancelaria.pl\/?page_id=1360\" \/>\n<meta property=\"og:locale\" content=\"en_US\" \/>\n<meta property=\"og:type\" content=\"article\" \/>\n<meta property=\"og:title\" content=\"Prawo pracy - dckancelaria.pl\" \/>\n<meta property=\"og:description\" content=\"Prawo pracy W prawie pracy liczy si\u0119 szybka reakcja i czytelny plan. Wspieram zar\u00f3wno pracownik\u00f3w, jak i pracodawc\u00f3w. Zaczynam od rozmowy i przegl\u0105du dokument\u00f3w, a potem wskazuj\u0119 warianty: polubownie (ugoda, mediacja) albo procesowo \u2014 zawsze z ocen\u0105 ryzyka i koszt\u00f3w. Dbam o to, by pisma by\u0142y jasne, a dowody dobrze zebrane. Pracownikom pomagam podwa\u017cy\u0107 nieuzasadnione...\" \/>\n<meta property=\"og:url\" content=\"https:\/\/dckancelaria.pl\/?page_id=1360\" \/>\n<meta property=\"og:site_name\" content=\"dckancelaria.pl\" \/>\n<meta property=\"article:modified_time\" content=\"2025-08-15T14:16:06+00:00\" \/>\n<meta name=\"twitter:card\" content=\"summary_large_image\" \/>\n<meta name=\"twitter:label1\" content=\"Est. reading time\" \/>\n\t<meta name=\"twitter:data1\" content=\"2 minutes\" \/>\n<script type=\"application\/ld+json\" class=\"yoast-schema-graph\">{\"@context\":\"https:\/\/schema.org\",\"@graph\":[{\"@type\":\"WebPage\",\"@id\":\"https:\/\/dckancelaria.pl\/?page_id=1360\",\"url\":\"https:\/\/dckancelaria.pl\/?page_id=1360\",\"name\":\"Prawo pracy - dckancelaria.pl\",\"isPartOf\":{\"@id\":\"https:\/\/dckancelaria.pl\/#website\"},\"datePublished\":\"2025-08-14T19:50:55+00:00\",\"dateModified\":\"2025-08-15T14:16:06+00:00\",\"breadcrumb\":{\"@id\":\"https:\/\/dckancelaria.pl\/?page_id=1360#breadcrumb\"},\"inLanguage\":\"en-US\",\"potentialAction\":[{\"@type\":\"ReadAction\",\"target\":[\"https:\/\/dckancelaria.pl\/?page_id=1360\"]}]},{\"@type\":\"BreadcrumbList\",\"@id\":\"https:\/\/dckancelaria.pl\/?page_id=1360#breadcrumb\",\"itemListElement\":[{\"@type\":\"ListItem\",\"position\":1,\"name\":\"Strona g\u0142\u00f3wna\",\"item\":\"https:\/\/dckancelaria.pl\/\"},{\"@type\":\"ListItem\",\"position\":2,\"name\":\"Prawo pracy\"}]},{\"@type\":\"WebSite\",\"@id\":\"https:\/\/dckancelaria.pl\/#website\",\"url\":\"https:\/\/dckancelaria.pl\/\",\"name\":\"dckancelaria.pl\",\"description\":\"\",\"publisher\":{\"@id\":\"https:\/\/dckancelaria.pl\/#organization\"},\"potentialAction\":[{\"@type\":\"SearchAction\",\"target\":{\"@type\":\"EntryPoint\",\"urlTemplate\":\"https:\/\/dckancelaria.pl\/?s={search_term_string}\"},\"query-input\":{\"@type\":\"PropertyValueSpecification\",\"valueRequired\":true,\"valueName\":\"search_term_string\"}}],\"inLanguage\":\"en-US\"},{\"@type\":\"Organization\",\"@id\":\"https:\/\/dckancelaria.pl\/#organization\",\"name\":\"dckancelaria.pl\",\"url\":\"https:\/\/dckancelaria.pl\/\",\"logo\":{\"@type\":\"ImageObject\",\"inLanguage\":\"en-US\",\"@id\":\"https:\/\/dckancelaria.pl\/#\/schema\/logo\/image\/\",\"url\":\"https:\/\/dckancelaria.pl\/wp-content\/uploads\/2025\/08\/cropped-Czarne-Proste-Monoline-Nieruchomosci-Logo-\u2013-uslugi-1.png\",\"contentUrl\":\"https:\/\/dckancelaria.pl\/wp-content\/uploads\/2025\/08\/cropped-Czarne-Proste-Monoline-Nieruchomosci-Logo-\u2013-uslugi-1.png\",\"width\":800,\"height\":475,\"caption\":\"dckancelaria.pl\"},\"image\":{\"@id\":\"https:\/\/dckancelaria.pl\/#\/schema\/logo\/image\/\"}}]}<\/script>\n<!-- \/ Yoast SEO plugin. -->","yoast_head_json":{"title":"Prawo pracy - dckancelaria.pl","robots":{"index":"index","follow":"follow","max-snippet":"max-snippet:-1","max-image-preview":"max-image-preview:large","max-video-preview":"max-video-preview:-1"},"canonical":"https:\/\/dckancelaria.pl\/?page_id=1360","og_locale":"en_US","og_type":"article","og_title":"Prawo pracy - dckancelaria.pl","og_description":"Prawo pracy W prawie pracy liczy si\u0119 szybka reakcja i czytelny plan. Wspieram zar\u00f3wno pracownik\u00f3w, jak i pracodawc\u00f3w. Zaczynam od rozmowy i przegl\u0105du dokument\u00f3w, a potem wskazuj\u0119 warianty: polubownie (ugoda, mediacja) albo procesowo \u2014 zawsze z ocen\u0105 ryzyka i koszt\u00f3w. Dbam o to, by pisma by\u0142y jasne, a dowody dobrze zebrane. Pracownikom pomagam podwa\u017cy\u0107 nieuzasadnione...","og_url":"https:\/\/dckancelaria.pl\/?page_id=1360","og_site_name":"dckancelaria.pl","article_modified_time":"2025-08-15T14:16:06+00:00","twitter_card":"summary_large_image","twitter_misc":{"Est. reading time":"2 minutes"},"schema":{"@context":"https:\/\/schema.org","@graph":[{"@type":"WebPage","@id":"https:\/\/dckancelaria.pl\/?page_id=1360","url":"https:\/\/dckancelaria.pl\/?page_id=1360","name":"Prawo pracy - dckancelaria.pl","isPartOf":{"@id":"https:\/\/dckancelaria.pl\/#website"},"datePublished":"2025-08-14T19:50:55+00:00","dateModified":"2025-08-15T14:16:06+00:00","breadcrumb":{"@id":"https:\/\/dckancelaria.pl\/?page_id=1360#breadcrumb"},"inLanguage":"en-US","potentialAction":[{"@type":"ReadAction","target":["https:\/\/dckancelaria.pl\/?page_id=1360"]}]},{"@type":"BreadcrumbList","@id":"https:\/\/dckancelaria.pl\/?page_id=1360#breadcrumb","itemListElement":[{"@type":"ListItem","position":1,"name":"Strona g\u0142\u00f3wna","item":"https:\/\/dckancelaria.pl\/"},{"@type":"ListItem","position":2,"name":"Prawo pracy"}]},{"@type":"WebSite","@id":"https:\/\/dckancelaria.pl\/#website","url":"https:\/\/dckancelaria.pl\/","name":"dckancelaria.pl","description":"","publisher":{"@id":"https:\/\/dckancelaria.pl\/#organization"},"potentialAction":[{"@type":"SearchAction","target":{"@type":"EntryPoint","urlTemplate":"https:\/\/dckancelaria.pl\/?s={search_term_string}"},"query-input":{"@type":"PropertyValueSpecification","valueRequired":true,"valueName":"search_term_string"}}],"inLanguage":"en-US"},{"@type":"Organization","@id":"https:\/\/dckancelaria.pl\/#organization","name":"dckancelaria.pl","url":"https:\/\/dckancelaria.pl\/","logo":{"@type":"ImageObject","inLanguage":"en-US","@id":"https:\/\/dckancelaria.pl\/#\/schema\/logo\/image\/","url":"https:\/\/dckancelaria.pl\/wp-content\/uploads\/2025\/08\/cropped-Czarne-Proste-Monoline-Nieruchomosci-Logo-\u2013-uslugi-1.png","contentUrl":"https:\/\/dckancelaria.pl\/wp-content\/uploads\/2025\/08\/cropped-Czarne-Proste-Monoline-Nieruchomosci-Logo-\u2013-uslugi-1.png","width":800,"height":475,"caption":"dckancelaria.pl"},"image":{"@id":"https:\/\/dckancelaria.pl\/#\/schema\/logo\/image\/"}}]}},"_links":{"self":[{"href":"https:\/\/dckancelaria.pl\/index.php?rest_route=\/wp\/v2\/pages\/1360","targetHints":{"allow":["GET"]}}],"collection":[{"href":"https:\/\/dckancelaria.pl\/index.php?rest_route=\/wp\/v2\/pages"}],"about":[{"href":"https:\/\/dckancelaria.pl\/index.php?rest_route=\/wp\/v2\/types\/page"}],"author":[{"embeddable":true,"href":"https:\/\/dckancelaria.pl\/index.php?rest_route=\/wp\/v2\/users\/1"}],"replies":[{"embeddable":true,"href":"https:\/\/dckancelaria.pl\/index.php?rest_route=%2Fwp%2Fv2%2Fcomments&post=1360"}],"version-history":[{"count":10,"href":"https:\/\/dckancelaria.pl\/index.php?rest_route=\/wp\/v2\/pages\/1360\/revisions"}],"predecessor-version":[{"id":1481,"href":"https:\/\/dckancelaria.pl\/index.php?rest_route=\/wp\/v2\/pages\/1360\/revisions\/1481"}],"wp:attachment":[{"href":"https:\/\/dckancelaria.pl\/index.php?rest_route=%2Fwp%2Fv2%2Fmedia&parent=1360"}],"curies":[{"name":"wp","href":"https:\/\/api.w.org\/{rel}","templated":true}]}}